{"id":2,"date":"2011-01-18T21:19:28","date_gmt":"2011-01-18T21:19:28","guid":{"rendered":"https:\/\/cbk.dk\/?page_id=2"},"modified":"2017-06-06T15:34:29","modified_gmt":"2017-06-06T15:34:29","slug":"about","status":"publish","type":"page","link":"https:\/\/cbk.dk\/?page_id=2","title":{"rendered":"Om mig"},"content":{"rendered":"<p>Jeg hedder Camilla B\u00f8ss Kirkegaard. Jeg er gift med Morten, og sammen har vi tre sk\u00f8nne unger &#8211; tvillingerne Signe og Jeppe p\u00e5 15 \u00e5r og Marius p\u00e5 11 \u00e5r. Fra den 2. juni 2017 er vi flyttet til USA, da Morten har f\u00e5et arbejde her. Vi starter vores nye liv i Rolla, Missouri, hvor vi skal v\u00e6re indtil turen g\u00e5r videre til Californien.<\/p>\n<p>Jeg er uddannet sygeplejerske og har arbejdet som vikar mest i psykiatrien, men i USA skal jeg g\u00e5 hjemme. Jeg gl\u00e6der mig til at have god tid til b\u00f8rnene, og forh\u00e5bentlig l\u00e6se en masse, sy, strikke og lave en masse store kager :-).<\/p>\n<p>Her p\u00e5 bloggen vil jeg fort\u00e6lle om stort og sm\u00e5t fra vores\u00a0dagligdag, s\u00e5 is\u00e6r familie og venner kan f\u00f8lge med i vores nye amerikanske hverdag.<\/p>\n","protected":false},"excerpt":{"rendered":"<p>Jeg hedder Camilla B\u00f8ss Kirkegaard. Jeg er gift med Morten, og sammen har vi tre sk\u00f8nne unger &#8211; tvillingerne Signe og Jeppe p\u00e5 15 \u00e5r og Marius p\u00e5 11 \u00e5r. Fra den 2. juni 2017 er vi flyttet til USA, &hellip; <a href=\"https:\/\/cbk.dk\/?page_id=2\">Continue reading <span class=\"meta-nav\">&rarr;<\/span><\/a><\/p>\n","protected":false},"author":1,"featured_media":0,"parent":0,"menu_order":0,"comment_status":"open","ping_status":"open","template":"","meta":{"footnotes":""},"class_list":["post-2","page","type-page","status-publish","hentry"],"_links":{"self":[{"href":"https:\/\/cbk.dk\/index.php?rest_route=\/wp\/v2\/pages\/2","targetHints":{"allow":["GET"]}}],"collection":[{"href":"https:\/\/cbk.dk\/index.php?rest_route=\/wp\/v2\/pages"}],"about":[{"href":"https:\/\/cbk.dk\/index.php?rest_route=\/wp\/v2\/types\/page"}],"author":[{"embeddable":true,"href":"https:\/\/cbk.dk\/index.php?rest_route=\/wp\/v2\/users\/1"}],"replies":[{"embeddable":true,"href":"https:\/\/cbk.dk\/index.php?rest_route=%2Fwp%2Fv2%2Fcomments&post=2"}],"version-history":[{"count":6,"href":"https:\/\/cbk.dk\/index.php?rest_route=\/wp\/v2\/pages\/2\/revisions"}],"predecessor-version":[{"id":11,"href":"https:\/\/cbk.dk\/index.php?rest_route=\/wp\/v2\/pages\/2\/revisions\/11"}],"wp:attachment":[{"href":"https:\/\/cbk.dk\/index.php?rest_route=%2Fwp%2Fv2%2Fmedia&parent=2"}],"curies":[{"name":"wp","href":"https:\/\/api.w.org\/{rel}","templated":true}]}}